{"version":"1.0","provider_name":"Minden lehets\u00e9ges","provider_url":"https:\/\/mindenlehetseges.cafeblog.hu","author_name":"MAGMIA","author_url":"https:\/\/mindenlehetseges.cafeblog.hu\/author\/magmia\/","title":"Na, most mondj IGENT!","html":"\r\n<ul>\r\n<strong>Na, most mondj IGENT!<\/strong><\/ul>\r\n\r\n<img src=\"https:\/\/mindenlehetseges.cafeblog.hu\/files\/2017\/02\/K\u00e9p1-1.png\" alt=\"\" width=\"280\" height=\"95\" class=\"alignnone size-full wp-image-586\" \/>\r\n<ul>\r\nAhhoz, hogy megbizonyosodj, tapasztalnod kell. Ha mered v\u00e1llalni a megmutatkoz\u00e1st, akkor most lehet\u0151s\u00e9ged ny\u00edlik, megtapasztalni, egy t\u00e9ged nyomaszt\u00f3 \u00e9lethelyzet, eg\u00e9szs\u00e9gi \u00e1llapot, ber\u00f6gz\u00fclt t\u00e9ves hitrendszer\u00e9nek \u00e1tform\u00e1l\u00e1s\u00e1t. Eg\u00e9szs\u00e9ges \u00e9let igenl\u0151 gondolatokra.<\/ul>\r\n\r\n\r\n \r\n\r\n<ul>\r\nHa nyitott vagy megvizsg\u00e1lni g\u00e1tl\u00f3 gondolataidat, mind ezt hangfelv\u00e9telen r\u00f6gz\u00edtve,<\/ul>\r\n\r\n\r\n<ul>\r\n<strong>JELENTKEZZ!<\/strong><\/ul>\r\n\r\n\r\n\r\n<ul>\r\nEgy keresztnevet fogok t\u0151led k\u00e9rni, amin majd sz\u00f3l\u00edthatlak.<\/ul>\r\n\r\n \r\n<ul>\r\nA Teremt\u0151 Szeretet Ter\u00e9ben, dr\u00e1m\u00e1z\u00e1s, \u00e9s szem\u00e9lyesked\u00e9s n\u00e9lk\u00fcl, szeretetben fogunk dolgozni, eg\u00e9szen az adott probl\u00e9ma megold\u00e1s\u00e1ig.<\/ul>\r\n\r\n\r\n\r\n<ul>\r\n<strong>Mi\u00e9rt lesz hangfelv\u00e9tel?<\/strong><\/ul>\r\n\r\n\r\n\r\n<ul>\r\nMert ez <strong>aj\u00e1nd\u00e9k neked<\/strong>, \u00e9s mindazoknak, akik a hall\u00e1s ut\u00e1n maguk is meger\u0151s\u00f6dnek hit\u00fckben, hogy igen is van ki\u00fat a neh\u00e9z helyzetekb\u0151l.<\/ul>\r\n\r\n\r\n\r\n<ul>\r\n<strong>Hogy vehetsz r\u00e9szt ebben a k\u00eds\u00e9rletben?<\/strong><\/ul>\r\n\r\n\r\n\r\n<ul>\r\nErre az Email c\u00edmre \u00edrd meg r\u00e9szv\u00e9teli sz\u00e1nd\u00e9kod: <\/ul>\r\n\r\n<img src=\"https:\/\/mindenlehetseges.cafeblog.hu\/files\/2017\/02\/K\u00e9p2-300x177.png\" alt=\"\" width=\"300\" height=\"177\" class=\"alignnone size-medium wp-image-587\" \/>\r\n<ul>\r\n<strong>markl.maria.art@gmail.com<\/strong><\/ul>\r\n\r\n\r\n\r\n<ul>\r\nAmellyel egyben hozz\u00e1j\u00e1rulsz a kiv\u00e1laszt\u00e1s ut\u00e1n, a hangfelv\u00e9telhez, \u00e9s annak bemutat\u00e1s\u00e1hoz.<\/ul>\r\n\r\n\r\n\r\n<ul>\r\nMeddig jelentkezhetsz?<\/ul>\r\n\r\n\r\n<ul>\r\n<strong>M\u00e1t\u00f3l, 2017. 02. 20 \u2013 2017. 02. 28 ig<\/strong><\/ul>\r\n\r\n\r\n\r\n<ul>\r\nMinden l\u00e9p\u00e9sr\u0151l \u00e9rtes\u00edteni foglak.<\/ul>\r\n\r\n\r\n<ul>\r\nAddig is gratul\u00e1lok, mert<strong> meg\u00e9rdemled<\/strong>!<\/ul>\r\n\r\n\r\n<ul>\r\nMia<\/ul>\r\n\r\n<img src=\"https:\/\/mindenlehetseges.cafeblog.hu\/files\/2017\/02\/s-5e41833e4af3a0981435b6c3e254deb2437fc528-300x194.jpg\" alt=\"\" width=\"300\" height=\"194\" class=\"alignnone size-medium wp-image-501\" \/>\r\n\r\n","type":"rich","thumbnail_url":"https:\/\/mindenlehetseges.cafeblog.hu\/files\/2017\/02\/161_660x370_fill-150x150.jpg","thumbnail_width":150,"thumbnail_height":150}

Minden lehetséges

<ul>
<strong>Na, most mondj IGENT!</strong></ul>

<img src="https://mindenlehetseges.cafeblog.hu/files/2017/02/Kép1-1.png" alt="" width="280" height="95" class="alignnone size-full wp-image-586" />
<ul>
Ahhoz, hogy megbizonyosodj, tapasztalnod kell. Ha mered vállalni a megmutatkozást, akkor most lehetőséged nyílik, megtapasztalni, egy téged nyomasztó élethelyzet, egészségi állapot, berögzült téves hitrendszerének átformálását. Egészséges élet igenlő gondolatokra.</ul>


 

<ul>
Ha nyitott vagy megvizsgálni gátló gondolataidat, mind ezt hangfelvételen rögzítve,</ul>


<ul>
<strong>JELENTKEZZ!</strong></ul>



<ul>
Egy keresztnevet fogok tőled kérni, amin majd szólíthatlak.</ul>

 
<ul>
A Teremtő Szeretet Terében, drámázás, és személyeskedés nélkül, szeretetben fogunk dolgozni, egészen az adott probléma megoldásáig.</ul>



<ul>
<strong>Miért lesz hangfelvétel?</strong></ul>



<ul>
Mert ez <strong>ajándék neked</strong>, és mindazoknak, akik a hallás után maguk is megerősödnek hitükben, hogy igen is van kiút a nehéz helyzetekből.</ul>



<ul>
<strong>Hogy vehetsz részt ebben a kísérletben?</strong></ul>



<ul>
Erre az Email címre írd meg részvételi szándékod: </ul>

<img src="https://mindenlehetseges.cafeblog.hu/files/2017/02/Kép2-300x177.png" alt="" width="300" height="177" class="alignnone size-medium wp-image-587" />
<ul>
<strong>markl.maria.art@gmail.com</strong></ul>



<ul>
Amellyel egyben hozzájárulsz a kiválasztás után, a hangfelvételhez, és annak bemutatásához.</ul>



<ul>
Meddig jelentkezhetsz?</ul>


<ul>
<strong>Mától, 2017. 02. 20 – 2017. 02. 28 ig</strong></ul>



<ul>
Minden lépésről értesíteni foglak.</ul>


<ul>
Addig is gratulálok, mert<strong> megérdemled</strong>!</ul>


<ul>
Mia</ul>

<img src="https://mindenlehetseges.cafeblog.hu/files/2017/02/s-5e41833e4af3a0981435b6c3e254deb2437fc528-300x194.jpg" alt="" width="300" height="194" class="alignnone size-medium wp-image-501" />
